{"id":1553,"date":"2022-10-17T10:41:54","date_gmt":"2022-10-17T10:41:54","guid":{"rendered":"http:\/\/localhost:8080\/testsite\/?page_id=1553"},"modified":"2023-07-11T15:22:19","modified_gmt":"2023-07-11T14:22:19","slug":"organizing-institutions","status":"publish","type":"page","link":"http:\/\/icotem23.fam.ulusiada.pt\/index.php\/organizing-institutions\/","title":{"rendered":"Organizing Institutions"},"content":{"rendered":"\n<figure class=\"wp-block-table\" style=\"font-size:26px\"><table><tbody><tr><td class=\"has-text-align-center\" data-align=\"center\"><img decoding=\"async\" style=\"width: 150px;\" src=\"http:\/\/icotem23.fam.ulusiada.pt\/wp-content\/uploads\/2022\/10\/Logo_Lusiada-1018x1024.png\" alt=\"\"><br><img decoding=\"async\" style=\"width: 400px;\" src=\"http:\/\/icotem23.fam.ulusiada.pt\/wp-content\/uploads\/2022\/11\/BannerCOMEGI-1024x404.jpg\" alt=\"\"><\/td><td>Universidade Lus\u00edada, Faculdade de Engenharias e Tecnologias (FET)\/ Centro de Investiga\u00e7\u00e3o em Organiza\u00e7\u00f5es, Mercados e Gest\u00e3o Industrial (COMEGI), Portugal [Host and Management]<\/td><\/tr><tr><td class=\"has-text-align-center\" data-align=\"center\"><img decoding=\"async\" src=\"http:\/\/icotem23.fam.ulusiada.pt\/wp-content\/uploads\/2022\/10\/logo_ISPB-1024x464.jpeg\" alt=\"\" style=\"width: 200px;\"><\/td><td>Instituto Polit\u00e9cnico de Benguela, Benguela, Angola<\/td><\/tr><tr><td class=\"has-text-align-center\" data-align=\"center\"><img decoding=\"async\" style=\"width: 200px;\" src=\"http:\/\/icotem23.fam.ulusiada.pt\/wp-content\/uploads\/2022\/11\/ipvcadit.png\" alt=\"\"><\/td><td>Instituto Polit\u00e9cnico de Viana do Castelo, Escola Superior de Ci\u00eancias Empresariais,Portugal<\/td><\/tr><tr><td class=\"has-text-align-center\" data-align=\"center\"><img decoding=\"async\" src=\"http:\/\/icotem23.fam.ulusiada.pt\/wp-content\/uploads\/2022\/11\/isq.png\" alt=\"\" style=\"width: 150px;\"><\/td><td>ISQ, Dire\u00e7\u00e3o de Investiga\u00e7\u00e3o, Desenvolvimento e Inova\u00e7\u00e3o, Portugal<\/td><\/tr><tr><td class=\"has-text-align-center\" data-align=\"center\"><img decoding=\"async\" src=\"http:\/\/icotem23.fam.ulusiada.pt\/wp-content\/uploads\/2022\/10\/unesp.jpg\" alt=\"\" style=\"width: 220px;\"><\/td><td>Universidade Estadual Paulista \u201cJ\u00falio de Mesquita Filho\u201d \u2013 UNESP, Brasil<\/td><\/tr><tr><td class=\"has-text-align-center\" data-align=\"center\"><img decoding=\"async\" src=\"http:\/\/icotem23.fam.ulusiada.pt\/wp-content\/uploads\/2022\/10\/esalq-1024x358.png\" alt=\"\" style=\"width: 200px;\"><\/td><td>Universidade de S\u00e3o Paulo, Escola Superior de Agricultura Luiz de Queiroz, Brasil<\/td><\/tr><\/tbody><\/table><\/figure>\n\n\n\n<p><\/p>\n","protected":false},"excerpt":{"rendered":"<p>Universidade Lus\u00edada, Faculdade de Engenharias e Tecnologias (FET)\/ Centro de Investiga\u00e7\u00e3o em Organiza\u00e7\u00f5es, Mercados e Gest\u00e3o Industrial (COMEGI), Portugal [Host and Management] Instituto Polit\u00e9cnico de&hellip;<\/p>\n","protected":false},"author":1,"featured_media":0,"parent":0,"menu_order":0,"comment_status":"closed","ping_status":"closed","template":"","meta":{"_eb_attr":"","footnotes":""},"class_list":["post-1553","page","type-page","status-publish","hentry"],"_links":{"self":[{"href":"http:\/\/icotem23.fam.ulusiada.pt\/index.php\/wp-json\/wp\/v2\/pages\/1553","targetHints":{"allow":["GET"]}}],"collection":[{"href":"http:\/\/icotem23.fam.ulusiada.pt\/index.php\/wp-json\/wp\/v2\/pages"}],"about":[{"href":"http:\/\/icotem23.fam.ulusiada.pt\/index.php\/wp-json\/wp\/v2\/types\/page"}],"author":[{"embeddable":true,"href":"http:\/\/icotem23.fam.ulusiada.pt\/index.php\/wp-json\/wp\/v2\/users\/1"}],"replies":[{"embeddable":true,"href":"http:\/\/icotem23.fam.ulusiada.pt\/index.php\/wp-json\/wp\/v2\/comments?post=1553"}],"version-history":[{"count":37,"href":"http:\/\/icotem23.fam.ulusiada.pt\/index.php\/wp-json\/wp\/v2\/pages\/1553\/revisions"}],"predecessor-version":[{"id":2750,"href":"http:\/\/icotem23.fam.ulusiada.pt\/index.php\/wp-json\/wp\/v2\/pages\/1553\/revisions\/2750"}],"wp:attachment":[{"href":"http:\/\/icotem23.fam.ulusiada.pt\/index.php\/wp-json\/wp\/v2\/media?parent=1553"}],"curies":[{"name":"wp","href":"https:\/\/api.w.org\/{rel}","templated":true}]}}

<figure class="wp-block-table" style="font-size:26px"><table><tbody><tr><td class="has-text-align-center" data-align="center"><img decoding="async" style="width: 150px;" src="http://icotem23.fam.ulusiada.pt/wp-content/uploads/2022/10/Logo_Lusiada-1018x1024.png" alt=""><br><img decoding="async" style="width: 400px;" src="http://icotem23.fam.ulusiada.pt/wp-content/uploads/2022/11/BannerCOMEGI-1024x404.jpg" alt=""></td><td>Universidade Lusíada, Faculdade de Engenharias e Tecnologias (FET)/ Centro de Investigação em Organizações, Mercados e Gestão Industrial (COMEGI), Portugal [Host and Management]</td></tr><tr><td class="has-text-align-center" data-align="center"><img decoding="async" src="http://icotem23.fam.ulusiada.pt/wp-content/uploads/2022/10/logo_ISPB-1024x464.jpeg" alt="" style="width: 200px;"></td><td>Instituto Politécnico de Benguela, Benguela, Angola</td></tr><tr><td class="has-text-align-center" data-align="center"><img decoding="async" style="width: 200px;" src="http://icotem23.fam.ulusiada.pt/wp-content/uploads/2022/11/ipvcadit.png" alt=""></td><td>Instituto Politécnico de Viana do Castelo, Escola Superior de Ciências Empresariais,Portugal</td></tr><tr><td class="has-text-align-center" data-align="center"><img decoding="async" src="http://icotem23.fam.ulusiada.pt/wp-content/uploads/2022/11/isq.png" alt="" style="width: 150px;"></td><td>ISQ, Direção de Investigação, Desenvolvimento e Inovação, Portugal</td></tr><tr><td class="has-text-align-center" data-align="center"><img decoding="async" src="http://icotem23.fam.ulusiada.pt/wp-content/uploads/2022/10/unesp.jpg" alt="" style="width: 220px;"></td><td>Universidade Estadual Paulista “Júlio de Mesquita Filho” – UNESP, Brasil</td></tr><tr><td class="has-text-align-center" data-align="center"><img decoding="async" src="http://icotem23.fam.ulusiada.pt/wp-content/uploads/2022/10/esalq-1024x358.png" alt="" style="width: 200px;"></td><td>Universidade de São Paulo, Escola Superior de Agricultura Luiz de Queiroz, Brasil</td></tr></tbody></table></figure>



<p></p>

<p>Universidade Lusíada, Faculdade de Engenharias e Tecnologias (FET)/ Centro de Investigação em Organizações, Mercados e Gestão Industrial (COMEGI), Portugal [Host and Management] Instituto Politécnico de&hellip;</p>
